t h(q) = 16*q + 1. Determine h(19).
305
Let z(j) = -j**3 + 3*j**2 + 42*j - 226. Give z(-7).
-30
Let b(p) = -549*p + 85096. Give b(155).
1
Let l(r) = -r**3 - 7*r**2 + 12*r - 49. Calculate l(-9).
5
Let z(i) = 15*i**3 - 3*i**2 + 3*i. Calculate z(1).
15
Let c(f) = -f**3 + 85*f**2 + 169*f + 442. What is c(87)?
7
Let i(h) = -h**3 - 3900*h**2 + 31263*h + 14. What is i(8)?
6
Let x(t) = t**3 - 10*t**2 - 96*t - 30. What is x(-6)?
-30
Let o(k) = -5*k**2 + 280*k + 2238. Calculate o(63).
33
Let n(a) = -138*a - 2280. Calculate n(-17).
66
Let w(k) = 15*k - 1077. Calculate w(74).
33
Let a(b) = 52*b + 795. Calculate a(-15).
15
Let t(b) = -32*b**3 + b**2 - 17*b + 16. Calculate t(1).
-32
Let f(m) = 4*m**3 + 5*m**2 - 9*m - 24. Give f(-3).
-60
Let j(g) = 175*g**2 + 9282*g + 366. What is j(-53)?
-5
Let n(c) = -c**2 - 282*c - 8029. Give n(-32).
-29
Let j(r) = 2*r**2 - 114*r - 6432. What is j(-35)?
8
Let l(c) = -24*c + 1435. Calculate l(60).
-5
Let p(v) = v**3 - 83*v**2 - 62*v - 1845. Calculate p(84).
3
Let p(o) = -13*o**2 + 26*o + 126. What is p(-5)?
-329
Let x(a) = a**2 - 8*a - 355. What is x(23)?
-10
Let k(h) = 5*h**2 + 354*h - 76. Give k(-71).
-5
Let i(j) = -9*j**3 - 78*j**2 - 161*j + 5. Calculate i(-5).
-15
Let m(t) = -4*t - 111. Determine m(-16).
-47
Let w(n) = n**3 + 49*n**2 + 563*n - 207. Give w(-30).
3
Let s(d) = 11*d**3 - 4*d**2 - 68*d - 67. Give s(-1).
-14
Let b(t) = 9*t**2 + 248*t - 379. Determine b(-29).
-2
Let a(d) = d**2 + 80*d - 12. Determine a(0).
-12
Let w(m) = 22*m + 331. Give w(8).
507
Let w(s) = 83*s**3 - 2*s**2 + 134*s + 135. Calculate w(-1).
-84
Let d(g) = -76*g**2 + 1533*g - 14. Calculate d(20).
246
Let n(p) = p**2 + 19*p - 377. What is n(-36)?
235
Let r(x) = -x**3 - 69*x**2 - 67*x + 85. What is r(-68)?
17
Let u(w) = -w**3 - 252*w**2 + 1276*w - 2315. Calculate u(-257).
-2
Let x(n) = 2*n + 18. Give x(-5).
8
Let f(o) = -57*o**2 - 19*o - 20. Calculate f(-1).
-58
Let g(z) = 2*z**3 - 28*z**2 + 10*z - 48. Determine g(13).
-256
Let o(q) = q**3 - 9*q**2 + 14*q + 58. Give o(9).
184
Let q(u) = 279*u - 1340. Give q(5).
55
Let h(f) = -200*f - 2330. What is h(-8)?
-730
Let j(b) = 2*b**3 - 10*b**2 + 8*b - 137. Give j(6).
-17
Let j(z) = -2*z**2 - 97*z - 332. What is j(-44)?
64
Let m(f) = 301*f - 16521. Calculate m(55).
34
Let l(s) = 432*s - 2152. Calculate l(5).
8
Let u(b) = 2*b**2 - 75*b + 163. Give u(37).
126
Let s(p) = -2*p**2 - 114*p - 1151. Give s(-13).
-7
Let k(z) = -9*z**3 + 69*z**2 - 137*z + 3. Give k(2).
-67
Let k(f) = -651*f - 3901. What is k(-6)?
5
Let v(g) = 18*g**2 - 139*g + 259. Give v(5).
14
Let n(r) = -27*r**2 - 48*r + 47. What is n(1)?
-28
Let g(i) = -203*i + 4873. Calculate g(24).
1
Let f(m) = -28*m**2 - 354*m + 178. What is f(-13)?
48
Let i(j) = -11*j**3 - 3*j**2 - 5*j - 8. What is i(-1)?
5
Let i(w) = 5*w**2 + 4*w + 6. What is i(-2)?
18
Let k(y) = 43*y + 1374. Give k(-32).
-2
Let o(u) = -u**3 + 29*u**2 - 143*u - 248. What is o(22)?
-6
Let h(x) = -11*x**3 + 36*x**2 + 98*x - 7. Give h(-3).
320
Let a(s) = -22*s + 816. Calculate a(36).
24
Let i(b) = 4045*b - 24264. What is i(6)?
6
Let j(w) = -w**3 - 11*w**2 - 5*w - 92. Determine j(-12).
112
Let v(t) = -2*t**2 + 13*t + 36. Determine v(0).
36
Let i(y) = -11*y**3 - 4*y**2 + 2*y + 3. Give i(-2).
71
Let b(l) = l**2 + 71*l + 892. Determine b(-55).
12
Let a(b) = -6*b**2 + 52*b + 1. Calculate a(9).
-17
Let g(o) = -9*o - 49. What is g(1)?
-58
Let a(p) = p**3 - 33*p**2 + 93*p - 230. Give a(30).
-140
Let q(x) = 12*x - 482. Give q(38).
-26
Let c(p) = 547*p + 13119. Determine c(-24).
-9
Let i(x) = 2*x**2 - 49*x - 361. Calculate i(32).
119
Let o(b) = 25*b**2 - 113*b - 49. Determine o(5).
11
Let h(n) = 14*n**3 + 134*n**2 - 18*n + 17. Calculate h(-10).
-403
Let k(t) = -4*t**2 + 450*t - 5171. Calculate k(13).
3
Let f(v) = -v**3 + 11*v**2 + 43*v - 26. Give f(14).
-12
Let v(o) = o**3 - 13*o**2 - 5*o + 68. What is v(13)?
3
Let h(t) = -2*t**2 + 24*t - 37. Give h(10).
3
Let l(m) = m**3 + 17*m**2 + 51*m + 570. Give l(-16).
10
Let p(z) = 228*z - 4789. Determine p(21).
-1
Let m(x) = 5*x**3 + 53*x**2 - 20*x + 15. What is m(-11)?
-7
Let z(g) = 10*g**2 - 334*g - 1321. Calculate z(37).
11
Let h(k) = -k**2 + 131*k + 4603. Give h(-29).
-37
Let y(q) = q**2 - 184*q + 2149. Give y(12).
85
Let o(s) = -24*s - 180. What is o(-4)?
-84
Let l(f) = f**3 + 3*f**2 + 2*f - 1. What is l(-2)?
-1
Let s(m) = -105*m + 913. Determine s(0).
913
Let c(p) = -5*p**2 + 27*p - 39. What is c(4)?
-11
Let k(p) = -p**2 + 83*p - 601. What is k(8)?
-1
Let t(i) = 37*i**2 + 5*i + 6. Calculate t(-3).
324
Let h(u) = -208*u - 779. Determine h(-7).
677
Let u(i) = 4984*i + 54833. Give u(-11).
9
Let u(v) = -2*v**2 + 50*v - 504. Determine u(13).
-192
Let v(f) = -f**2 - 2*f - 4. What is v(-5)?
-19
Let k(w) = -4*w**2 - 181*w + 324. Determine k(-47).
-5
Let q(c) = -2*c**2 - 87*c - 220. Determine q(-41).
-15
Let d(y) = -3564*y + 174641. Calculate d(49).
5
Let f(q) = -2*q**3 - 11*q**2 + 62*q + 339. Calculate f(-6).
3
Let x(a) = a**2 + 1. What is x(-11)?
122
Let u(a) = 5*a**3 - 9*a**2 + 2*a - 1. Determine u(4).
183
Let n(q) = q**2 - 150*q - 1057. What is n(-7)?
42
Let t(z) = z**2 + 92*z - 823. Calculate t(8).
-23
Let f(v) = -9*v**2 + 219*v - 275. Calculate f(23).
1
Let d(p) = 4605*p + 23033. Give d(-5).
8
Let r(c) = 3*c**2 + 246*c + 5. Give r(-82).
5
Let r(o) = o**2 - 53*o + 436. Give r(43).
6
Let x(z) = z**3 + 52*z**2 - 53*z - 4. Calculate x(-53).
-4
Let s(u) = -21*u**2 + 6*u - 9. What is s(2)?
-81
Let h(t) = t**3 - 49*t**2 - 215*t - 16. Determine h(-4).
-4
Let t(z) = -30*z - 1048. Calculate t(-34).
-28
Let f(i) = 3*i**2 + 76*i + 462. Give f(-10).
2
Let s(b) = -b**3 + 27*b**2 + 234*b - 27. Calculate s(-7).
1
Let m(n) = -51*n + 1030. Calculate m(20).
10
Let c(i) = i**2 + 58*i + 837. Determine c(-34).
21
Let c(a) = -2*a**3 + 18*a**2 + 27*a + 13. Calculate c(10).
83
Let q(w) = 7*w**2 + 118*w - 28. Calculate q(-17).
-11
Let c(i) = -i**2 - 855*i + 5156. Determine c(6).
-10
Let t(y) = -y**3 + 2*y**2 + 11*y - 4. Calculate t(2).
18
Let y(g) = 911*g - 3647. Give y(4).
-3
Let d(z) = -z**2 + 46*z + 105. What is d(49)?
-42
Let c(g) = -3*g**2 + g - 13. What is c(-3)?
-43
Let p(z) = 2*z**2 - 67*z - 60. Give p(29).
-321
Let m(q) = -q**3 + q**2 + 73*q + 2. Give m(-8).
-6
Let m(d) = -294*d - 4641. Calculate m(-16).
63
Let o(u) = -4*u + 205. Give o(55).
-15
Let i(f) = 4*f**2 - 59*f + 99. Give i(12).
-33
Let u(n) = 638*n + 31278. What is u(-49)?
16
Let g(t) = -3*t**2 + 251. Determine g(7).
104
Let k(d) = -d**2 - 75*d - 1196. What is k(-55)?
-96
Let s(k) = -k**3 + 42*k + 49. Determine s(7).
0
Let s(b) = 2*b**2 + 17*b - 18. Calculate s(-5).
-53
Let w(i) = i**2 - 2*i - 19. Give w(-11).
124
Let t(i) = 28*i**2 - 45*i + 66. Determine t(3).
183
Let m(w) = w**2 - 217*w - 6348. What is m(243)?
-30
Let o(a) = -39*a**3 + 7*a**2 + 30*a + 31. Determine o(-2).
311
Let w(b) = b**2 + 62*b + 938. Give w(-24).
26
Let g(p) = -12*p**3 + 3*p**2 - 3*p. Determine g(2).
-90
Let o(i) = 2*i**3 - 27*i**2 + 3*i + 4. Give o(3).
-176
Let v(p) = -p**3 + 17*p**2 - 60*p - 69. Determine v(7).
1
Let n(p) = -p**2 + 30*p - 19. Calculate n(14).
205
Let g(n) = -n**3 + 125*n**2 - 127*n + 459. Calculate g(124).
87
Let n(t) = -26*t - 70. Give n(-17).
372
Let j(b) = 9*b**2 + 114*b - 245. Give j(2).
19
Let g(l) = 37*l - 16. Determine g(0).
-16
Let h(l) = 10*l**2 + 90*l + 18. What is h(-12)?
378
Let k(u) = -5*u**3 - 12*u**2 + 11*u. Give k(1).
-6
Let g(d) = -391*d - 5084. Calculate g(-13).
-1
Let n(v) = 2*v**3 - 23*v**2 + 9*v + 74. Calculate n(11).
52
Let l(m) = -m**2 - 6*m + 91. Determine l(-14).
-21
Let z(b) = 30*b - 189. Calculate z(6).
-9
Let u(v) = v**3 + 6*v**2 + 11*v + 114. Determine u(-8).
-102
Let m(s) = 1039*s + 1025. What is m(-1)?
-14
Let p(l) = l**2 + 578*l + 7373. Calculate p(-13).
28
Let k(o) = -27*o**3 + 21*o**2 - 19*o - 3. Calculate k(1).
-28
Let y(j) = 25*j**2 + 121*j - 19. What is y(-5)?
1
Let m(w) = w**2 - 75*w + 760. Give m(12).
4
Let x(q) = -65*q**2 - 303*q - 1. Give x(-5).
-111
Let w(j) = 7*j - 438. Determine w(65).
17
Let f(n) = 19301*n + 96513. Determine f(-5).
8
Let g(l) = 2*l**3 + 17*l**2 - 6*l - 9. Determine g(-9).
-36
Let z(i) = -221*i - 10. Give z(-1).
211
Let j(p) = p**3 - 49*p**2 + 165*p - 80. Give j(3).
1
Let w(t) = 2*t**2 - 80*t - 17. What is w(41)?
65
Let p(o) = -24*o**3 + 741*o**2 + 94*o - 3